{"id":10,"date":"2013-10-01T21:07:34","date_gmt":"2013-10-01T21:07:34","guid":{"rendered":"http:\/\/feev9x3k.c4-suncomet.com\/?page_id=10"},"modified":"2026-01-13T12:08:57","modified_gmt":"2026-01-13T10:08:57","slug":"syntymakotimitali","status":"publish","type":"page","link":"https:\/\/www.hameenlinnansibeliusseura.fi\/?page_id=10","title":{"rendered":"Syntym\u00e4kotimitalit"},"content":{"rendered":"\n<h1 class=\"wp-block-heading\"><\/h1>\n\n\n\n<p>H\u00e4meenlinnan Sibelius-Seura on valmistuttanut Sibelius-Syntym\u00e4kotimitalin Jean Sibeliuksen juhlavuodeksi 1985. Mitali on ly\u00f6tetty kuvanveist\u00e4j\u00e4 Annu Eklundin laatimien luonnosten perusteella Kultakeskus Oy:ss\u00e4. Seuran antamien suuntaviivojen mukaisesti mitalin toinen puoli kuvaa Sibeliuksen s\u00e4veltaidetta ja sen levi\u00e4mist\u00e4 ymp\u00e4ri maailmaa ja toinen puoli Sibeliuksen syntym\u00e4kotia H\u00e4meenlinnassa teksteineen ja vuosilukuineen.<\/p>\n\n\n\n<p>Pronssista valmistetut mitalit jaetaan Sibeliuksen syntym\u00e4p\u00e4iv\u00e4juhlissa Raatihuoneella.<\/p>\n\n\n\n<p><\/p>\n\n\n<div class=\"wp-block-image\">\n<figure class=\"aligncenter\"><a href=\"https:\/\/i0.wp.com\/feev9x3k.c4-suncomet.com\/wp-content\/uploads\/2013\/10\/Mitali-b.jpg\"><img decoding=\"async\" loading=\"lazy\" width=\"300\" height=\"296\" src=\"https:\/\/i0.wp.com\/feev9x3k.c4-suncomet.com\/wp-content\/uploads\/2013\/10\/Mitali-b-300x296.jpg?resize=300%2C296\" alt=\"Mitali b\" class=\"wp-image-24\" srcset=\"https:\/\/i0.wp.com\/www.hameenlinnansibeliusseura.fi\/wp-content\/uploads\/2013\/10\/Mitali-b.jpg?resize=300%2C296&amp;ssl=1 300w, https:\/\/i0.wp.com\/www.hameenlinnansibeliusseura.fi\/wp-content\/uploads\/2013\/10\/Mitali-b.jpg?w=960&amp;ssl=1 960w\" sizes=\"(max-width: 300px) 100vw, 300px\" data-recalc-dims=\"1\" \/><\/a><\/figure><\/div>\n\n<div class=\"wp-block-image\">\n<figure class=\"aligncenter\"><img decoding=\"async\" loading=\"lazy\" width=\"300\" height=\"296\" src=\"https:\/\/i0.wp.com\/feev9x3k.c4-suncomet.com\/wp-content\/uploads\/2013\/10\/mitali-a-300x296.jpg?resize=300%2C296\" alt=\"mitali a\" class=\"wp-image-25\" srcset=\"https:\/\/i0.wp.com\/www.hameenlinnansibeliusseura.fi\/wp-content\/uploads\/2013\/10\/mitali-a.jpg?resize=300%2C296&amp;ssl=1 300w, https:\/\/i0.wp.com\/www.hameenlinnansibeliusseura.fi\/wp-content\/uploads\/2013\/10\/mitali-a.jpg?w=960&amp;ssl=1 960w\" sizes=\"(max-width: 300px) 100vw, 300px\" data-recalc-dims=\"1\" \/><figcaption class=\"wp-element-caption\">Kuvat: Ilkka N\u00e4veri<\/figcaption><\/figure><\/div>\n\n\n<p><b><br>Sibeliuksen syntym\u00e4kotimitalien yleisist\u00e4 jakoperusteista<\/b><\/p>\n\n\n\n<p>Mitali voidaan jakaa musiikillisin perustein suomalaisille tai ulkomaalaisille muusikoille kansainv\u00e4lisesti merkitt\u00e4v\u00e4st\u00e4 ty\u00f6st\u00e4, jossa Sibeliuksen musiikilla on merkitt\u00e4v\u00e4 osuus. N\u00e4m\u00e4 kappaleet numeroidaan. Toisena jakoperusteena on merkitt\u00e4v\u00e4 ty\u00f6 H\u00e4meenlinnan musiikkiel\u00e4m\u00e4ss\u00e4 sek\u00e4 muu toiminta Sibelius-Seuran tavoitteiden toteuttamiseksi.<\/p>\n\n\n\n<p>Musiikin lis\u00e4ksi t\u00e4m\u00e4n mitalin jakamisella halutaan arvostaa my\u00f6s suurta, poikkeuksellisen mittavaa ty\u00f6t\u00e4 muun kulttuurin kuin musiikin alalla. Edellytyksen\u00e4 on my\u00f6s se, ett\u00e4 sill\u00e4 on merkitt\u00e4v\u00e4 vaikutus H\u00e4meenlinnan kulttuuriprofiilin kohottajana.<\/p>\n\n\n<div class=\"wp-block-image\">\n<figure class=\"aligncenter\"><a href=\"https:\/\/i0.wp.com\/www.hameenlinnansibeliusseura.fi\/wp-content\/uploads\/2013\/12\/DSCN7265.jpg?ssl=1\"><img decoding=\"async\" loading=\"lazy\" width=\"580\" height=\"291\" src=\"https:\/\/i0.wp.com\/www.hameenlinnansibeliusseura.fi\/wp-content\/uploads\/2013\/12\/DSCN7265.jpg?resize=580%2C291&#038;ssl=1\" alt=\"Syntym\u00e4kotimitalit ojennettu. Onnea sopraano Tuuli Takala ja Sibelius Piano Trio.  8.12.2013  Sibeliuksen syntym\u00e4koti.\" class=\"wp-image-540\" srcset=\"https:\/\/i0.wp.com\/www.hameenlinnansibeliusseura.fi\/wp-content\/uploads\/2013\/12\/DSCN7265.jpg?resize=1024%2C514&amp;ssl=1 1024w, https:\/\/i0.wp.com\/www.hameenlinnansibeliusseura.fi\/wp-content\/uploads\/2013\/12\/DSCN7265.jpg?resize=300%2C150&amp;ssl=1 300w, https:\/\/i0.wp.com\/www.hameenlinnansibeliusseura.fi\/wp-content\/uploads\/2013\/12\/DSCN7265.jpg?resize=624%2C313&amp;ssl=1 624w, https:\/\/i0.wp.com\/www.hameenlinnansibeliusseura.fi\/wp-content\/uploads\/2013\/12\/DSCN7265.jpg?w=1160&amp;ssl=1 1160w, https:\/\/i0.wp.com\/www.hameenlinnansibeliusseura.fi\/wp-content\/uploads\/2013\/12\/DSCN7265.jpg?w=1740&amp;ssl=1 1740w\" sizes=\"(max-width: 580px) 100vw, 580px\" data-recalc-dims=\"1\" \/><\/a><figcaption class=\"wp-element-caption\">Syntym\u00e4kotimitalit ojennettu. Onnea sopraano Tuuli Takala ja Sibelius Piano Trio. 8.12.2013 Sibeliuksen syntym\u00e4koti.<\/figcaption><\/figure><\/div>\n\n\n<p><strong>Kuuntele:<\/strong> Sibelius kapellimestarina,&nbsp;<a href=\"http:\/\/www.youtube.com\/watch?v=wlqcUBbmJEc\">Andante Festivo 1.1.1939<\/a><\/p>\n\n\n\n<h2 class=\"wp-block-heading\">Hopeiset syntym\u00e4kotimitalit<\/h2>\n\n\n\n<ul>\n<li>Tasavallan presidentin kanslia<\/li>\n\n\n\n<li>Professori Erik Tawaststjerna<\/li>\n\n\n\n<li>Varatuomari Martti Paloheimo<\/li>\n\n\n\n<li>Rouva Margareta Jalas<\/li>\n\n\n\n<li>Varatuomari Erkki Virtanen<\/li>\n\n\n\n<li>Elokuvaohjaaja Anssi Blomstedt<\/li>\n\n\n\n<li>Pankinjohtaja Jan Ilves<\/li>\n\n\n\n<li>Hallintoneuvos Eino \u00d6rlund<\/li>\n\n\n\n<li>H\u00e4meenlinnan kaupunki<\/li>\n\n\n\n<li>Talousneuvos Olavi Luokomaa<\/li>\n\n\n\n<li>Pianotaiteilija Folke Gr\u00e4sbeck<\/li>\n<\/ul>\n\n\n\n<p>Kalevi Kiviniemi :<a href=\"http:\/\/www.youtube.com\/watch?v=jmraW4VB_-o&amp;list=PLCCBDB5E8ABC81BDB\"> Intrada op. 111a<\/a><\/p>\n\n\n\n<h2 class=\"wp-block-heading\">Numeroidut syntym\u00e4kotimitalit<\/h2>\n\n\n\n<ol>\n<li>kapellimestari Herbert von Karajan<\/li>\n\n\n\n<li>viulutaiteilija Isaac Stern<\/li>\n\n\n\n<li>viulutaiteilija Viktoria Mullova (1991)<\/li>\n\n\n\n<li>s\u00e4velt\u00e4j\u00e4 Erkki Salmenhaara<\/li>\n\n\n\n<li>oopperalaulaja Tom Krause<\/li>\n\n\n\n<li>oopperalaulaja Raili Kostia<\/li>\n\n\n\n<li>oopperalaulaja Karita Mattila<\/li>\n\n\n\n<li>kapellimestari Jukka-Pekka Saraste<\/li>\n\n\n\n<li>Jean Sibelius Gesellschaft Deutschland (1992)<\/li>\n\n\n\n<li>pianotaiteilija Liisa Pohjola (!992)<\/li>\n\n\n\n<li>sellotaiteilija Seppo Kimanen (1993)<\/li>\n\n\n\n<li>painotaiteilija Izumi Tateno (1994)<\/li>\n\n\n\n<li>oopperalaulaja Marja Eskola (1994)<\/li>\n\n\n\n<li>kapellimestari Jorma Panula (1995)<\/li>\n\n\n\n<li>oopperalaulaja Soile Isokoski (1995)<\/li>\n\n\n\n<li>tietokirjailija Glenda Dawn Goss (1996)<\/li>\n\n\n\n<li>oopperalaulaja Taru Valjakka (1996)<\/li>\n\n\n\n<li>kapellimestari Osmo V\u00e4nsk\u00e4 (1997)<\/li>\n\n\n\n<li>pianotaiteilija Ralf Gothoni (1997)<\/li>\n\n\n\n<li>kapellimestari Sir Colin Davies (1998)<\/li>\n\n\n\n<li>viulutaiteilija Pekka Kuusisto (1999)<\/li>\n\n\n\n<li>viulutaiteilija Jaakko Kuusisto (1999)<\/li>\n\n\n\n<li>pianotaiteilija Eero Heinonen (2000)<\/li>\n\n\n\n<li>kapellimestari Esa-Pekka Salonen (2001)<\/li>\n\n\n\n<li>s\u00e4velt\u00e4j\u00e4 Kaija Saariaho (2002)<\/li>\n\n\n\n<li>elokuvaohjaaja Timo Koivusalo (2003)<\/li>\n\n\n\n<li>laulutaiteilija Pia Freund (2004)<\/li>\n\n\n\n<li>Sibelius-seuran puheenjohtaja Fabian Dahlstr\u00f6m (2004)<\/li>\n\n\n\n<li>laulutaiteilija Anna Sofia von Otter (2005)<\/li>\n\n\n\n<li>kriitikko Vesa Sir\u00e9n (2005)<\/li>\n\n\n\n<li>viulutaiteilija Alina Pogostkina (2006)<\/li>\n\n\n\n<li>pianotaiteilija Olli Mustonen (2007)<\/li>\n\n\n\n<li>kapellimestari Leif Segerstam (2008)<\/li>\n\n\n\n<li>kapellimestari Sir Simon Rattle (2009)<\/li>\n\n\n\n<li>s\u00e4velt\u00e4j\u00e4 Mathias Husman (2009)<\/li>\n\n\n\n<li>s\u00e4velt\u00e4j\u00e4 Einojuhani Rautavaara (2010)<\/li>\n\n\n\n<li>tietokirjailija Suvi-Sirkku Talas (2010)<\/li>\n\n\n\n<li>viulutaiteilija Madoka Sato (2010)<\/li>\n\n\n\n<li>viulutaiteilija Nikita Boriso-Glebsky (2011)<\/li>\n\n\n\n<li>kapellimestari Susanna M\u00e4lkki (2011)<\/li>\n\n\n\n<li>Sinfonia Lahti (2012<\/li>\n\n\n\n<li>s\u00e4velt\u00e4j\u00e4 Magnus Lindberg (2012)<\/li>\n\n\n\n<li>kapellimestari Hannu Lintu<\/li>\n\n\n\n<li>H\u00e4meenlinnan Mieskuoro<\/li>\n\n\n\n<li>H\u00e4meen Sanomat<\/li>\n<\/ol>\n\n\n\n<p><strong>Kuuntele:<\/strong> Virtuosi di Kuhmo,&nbsp;<a href=\"http:\/\/www.youtube.com\/watch?v=q6kbJWeKoBw\">Impromptu jousiorkesterille<\/a><\/p>\n","protected":false},"excerpt":{"rendered":"<p>H\u00e4meenlinnan Sibelius-Seura on valmistuttanut Sibelius-Syntym\u00e4kotimitalin Jean Sibeliuksen juhlavuodeksi 1985. Mitali on ly\u00f6tetty kuvanveist\u00e4j\u00e4 Annu Eklundin laatimien luonnosten perusteella Kultakeskus Oy:ss\u00e4. Seuran antamien suuntaviivojen mukaisesti mitalin toinen puoli kuvaa Sibeliuksen s\u00e4veltaidetta ja sen levi\u00e4mist\u00e4 ymp\u00e4ri maailmaa ja toinen puoli Sibeliuksen syntym\u00e4kotia H\u00e4meenlinnassa teksteineen ja vuosilukuineen. Pronssista valmistetut mitalit jaetaan Sibeliuksen syntym\u00e4p\u00e4iv\u00e4juhlissa Raatihuoneella. Sibeliuksen syntym\u00e4kotimitalien yleisist\u00e4 jakoperusteista [&hellip;]<\/p>\n","protected":false},"author":2,"featured_media":0,"parent":0,"menu_order":0,"comment_status":"closed","ping_status":"closed","template":"","meta":{"jetpack_post_was_ever_published":false,"footnotes":""},"jetpack_sharing_enabled":true,"jetpack_shortlink":"https:\/\/wp.me\/PeiXjB-a","_links":{"self":[{"href":"https:\/\/www.hameenlinnansibeliusseura.fi\/index.php?rest_route=\/wp\/v2\/pages\/10"}],"collection":[{"href":"https:\/\/www.hameenlinnansibeliusseura.fi\/index.php?rest_route=\/wp\/v2\/pages"}],"about":[{"href":"https:\/\/www.hameenlinnansibeliusseura.fi\/index.php?rest_route=\/wp\/v2\/types\/page"}],"author":[{"embeddable":true,"href":"https:\/\/www.hameenlinnansibeliusseura.fi\/index.php?rest_route=\/wp\/v2\/users\/2"}],"replies":[{"embeddable":true,"href":"https:\/\/www.hameenlinnansibeliusseura.fi\/index.php?rest_route=%2Fwp%2Fv2%2Fcomments&post=10"}],"version-history":[{"count":14,"href":"https:\/\/www.hameenlinnansibeliusseura.fi\/index.php?rest_route=\/wp\/v2\/pages\/10\/revisions"}],"predecessor-version":[{"id":1491,"href":"https:\/\/www.hameenlinnansibeliusseura.fi\/index.php?rest_route=\/wp\/v2\/pages\/10\/revisions\/1491"}],"wp:attachment":[{"href":"https:\/\/www.hameenlinnansibeliusseura.fi\/index.php?rest_route=%2Fwp%2Fv2%2Fmedia&parent=10"}],"curies":[{"name":"wp","href":"https:\/\/api.w.org\/{rel}","templated":true}]}}

Syntymäkotimitalit

<h1 class="wp-block-heading"></h1>



<p>Hämeenlinnan Sibelius-Seura on valmistuttanut Sibelius-Syntymäkotimitalin Jean Sibeliuksen juhlavuodeksi 1985. Mitali on lyötetty kuvanveistäjä Annu Eklundin laatimien luonnosten perusteella Kultakeskus Oy:ssä. Seuran antamien suuntaviivojen mukaisesti mitalin toinen puoli kuvaa Sibeliuksen säveltaidetta ja sen leviämistä ympäri maailmaa ja toinen puoli Sibeliuksen syntymäkotia Hämeenlinnassa teksteineen ja vuosilukuineen.</p>



<p>Pronssista valmistetut mitalit jaetaan Sibeliuksen syntymäpäiväjuhlissa Raatihuoneella.</p>



<p></p>


<div class="wp-block-image">
<figure class="aligncenter"><a href="https://i0.wp.com/feev9x3k.c4-suncomet.com/wp-content/uploads/2013/10/Mitali-b.jpg"><img decoding="async" loading="lazy" width="300" height="296" src="https://i0.wp.com/feev9x3k.c4-suncomet.com/wp-content/uploads/2013/10/Mitali-b-300x296.jpg?resize=300%2C296" alt="Mitali b" class="wp-image-24" srcset="https://i0.wp.com/www.hameenlinnansibeliusseura.fi/wp-content/uploads/2013/10/Mitali-b.jpg?resize=300%2C296&amp;ssl=1 300w, https://i0.wp.com/www.hameenlinnansibeliusseura.fi/wp-content/uploads/2013/10/Mitali-b.jpg?w=960&amp;ssl=1 960w" sizes="(max-width: 300px) 100vw, 300px" data-recalc-dims="1" /></a></figure></div>

<div class="wp-block-image">
<figure class="aligncenter"><img decoding="async" loading="lazy" width="300" height="296" src="https://i0.wp.com/feev9x3k.c4-suncomet.com/wp-content/uploads/2013/10/mitali-a-300x296.jpg?resize=300%2C296" alt="mitali a" class="wp-image-25" srcset="https://i0.wp.com/www.hameenlinnansibeliusseura.fi/wp-content/uploads/2013/10/mitali-a.jpg?resize=300%2C296&amp;ssl=1 300w, https://i0.wp.com/www.hameenlinnansibeliusseura.fi/wp-content/uploads/2013/10/mitali-a.jpg?w=960&amp;ssl=1 960w" sizes="(max-width: 300px) 100vw, 300px" data-recalc-dims="1" /><figcaption class="wp-element-caption">Kuvat: Ilkka Näveri</figcaption></figure></div>


<p><b><br>Sibeliuksen syntymäkotimitalien yleisistä jakoperusteista</b></p>



<p>Mitali voidaan jakaa musiikillisin perustein suomalaisille tai ulkomaalaisille muusikoille kansainvälisesti merkittävästä työstä, jossa Sibeliuksen musiikilla on merkittävä osuus. Nämä kappaleet numeroidaan. Toisena jakoperusteena on merkittävä työ Hämeenlinnan musiikkielämässä sekä muu toiminta Sibelius-Seuran tavoitteiden toteuttamiseksi.</p>



<p>Musiikin lisäksi tämän mitalin jakamisella halutaan arvostaa myös suurta, poikkeuksellisen mittavaa työtä muun kulttuurin kuin musiikin alalla. Edellytyksenä on myös se, että sillä on merkittävä vaikutus Hämeenlinnan kulttuuriprofiilin kohottajana.</p>


<div class="wp-block-image">
<figure class="aligncenter"><a href="https://i0.wp.com/www.hameenlinnansibeliusseura.fi/wp-content/uploads/2013/12/DSCN7265.jpg?ssl=1"><img decoding="async" loading="lazy" width="580" height="291" src="https://i0.wp.com/www.hameenlinnansibeliusseura.fi/wp-content/uploads/2013/12/DSCN7265.jpg?resize=580%2C291&#038;ssl=1" alt="Syntymäkotimitalit ojennettu. Onnea sopraano Tuuli Takala ja Sibelius Piano Trio.  8.12.2013  Sibeliuksen syntymäkoti." class="wp-image-540" srcset="https://i0.wp.com/www.hameenlinnansibeliusseura.fi/wp-content/uploads/2013/12/DSCN7265.jpg?resize=1024%2C514&amp;ssl=1 1024w, https://i0.wp.com/www.hameenlinnansibeliusseura.fi/wp-content/uploads/2013/12/DSCN7265.jpg?resize=300%2C150&amp;ssl=1 300w, https://i0.wp.com/www.hameenlinnansibeliusseura.fi/wp-content/uploads/2013/12/DSCN7265.jpg?resize=624%2C313&amp;ssl=1 624w, https://i0.wp.com/www.hameenlinnansibeliusseura.fi/wp-content/uploads/2013/12/DSCN7265.jpg?w=1160&amp;ssl=1 1160w, https://i0.wp.com/www.hameenlinnansibeliusseura.fi/wp-content/uploads/2013/12/DSCN7265.jpg?w=1740&amp;ssl=1 1740w" sizes="(max-width: 580px) 100vw, 580px" data-recalc-dims="1" /></a><figcaption class="wp-element-caption">Syntymäkotimitalit ojennettu. Onnea sopraano Tuuli Takala ja Sibelius Piano Trio. 8.12.2013 Sibeliuksen syntymäkoti.</figcaption></figure></div>


<p><strong>Kuuntele:</strong> Sibelius kapellimestarina,&nbsp;<a href="http://www.youtube.com/watch?v=wlqcUBbmJEc">Andante Festivo 1.1.1939</a></p>



<h2 class="wp-block-heading">Hopeiset syntymäkotimitalit</h2>



<ul>
<li>Tasavallan presidentin kanslia</li>



<li>Professori Erik Tawaststjerna</li>



<li>Varatuomari Martti Paloheimo</li>



<li>Rouva Margareta Jalas</li>



<li>Varatuomari Erkki Virtanen</li>



<li>Elokuvaohjaaja Anssi Blomstedt</li>



<li>Pankinjohtaja Jan Ilves</li>



<li>Hallintoneuvos Eino Örlund</li>



<li>Hämeenlinnan kaupunki</li>



<li>Talousneuvos Olavi Luokomaa</li>



<li>Pianotaiteilija Folke Gräsbeck</li>
</ul>



<p>Kalevi Kiviniemi :<a href="http://www.youtube.com/watch?v=jmraW4VB_-o&amp;list=PLCCBDB5E8ABC81BDB"> Intrada op. 111a</a></p>



<h2 class="wp-block-heading">Numeroidut syntymäkotimitalit</h2>



<ol>
<li>kapellimestari Herbert von Karajan</li>



<li>viulutaiteilija Isaac Stern</li>



<li>viulutaiteilija Viktoria Mullova (1991)</li>



<li>säveltäjä Erkki Salmenhaara</li>



<li>oopperalaulaja Tom Krause</li>



<li>oopperalaulaja Raili Kostia</li>



<li>oopperalaulaja Karita Mattila</li>



<li>kapellimestari Jukka-Pekka Saraste</li>



<li>Jean Sibelius Gesellschaft Deutschland (1992)</li>



<li>pianotaiteilija Liisa Pohjola (!992)</li>



<li>sellotaiteilija Seppo Kimanen (1993)</li>



<li>painotaiteilija Izumi Tateno (1994)</li>



<li>oopperalaulaja Marja Eskola (1994)</li>



<li>kapellimestari Jorma Panula (1995)</li>



<li>oopperalaulaja Soile Isokoski (1995)</li>



<li>tietokirjailija Glenda Dawn Goss (1996)</li>



<li>oopperalaulaja Taru Valjakka (1996)</li>



<li>kapellimestari Osmo Vänskä (1997)</li>



<li>pianotaiteilija Ralf Gothoni (1997)</li>



<li>kapellimestari Sir Colin Davies (1998)</li>



<li>viulutaiteilija Pekka Kuusisto (1999)</li>



<li>viulutaiteilija Jaakko Kuusisto (1999)</li>



<li>pianotaiteilija Eero Heinonen (2000)</li>



<li>kapellimestari Esa-Pekka Salonen (2001)</li>



<li>säveltäjä Kaija Saariaho (2002)</li>



<li>elokuvaohjaaja Timo Koivusalo (2003)</li>



<li>laulutaiteilija Pia Freund (2004)</li>



<li>Sibelius-seuran puheenjohtaja Fabian Dahlström (2004)</li>



<li>laulutaiteilija Anna Sofia von Otter (2005)</li>



<li>kriitikko Vesa Sirén (2005)</li>



<li>viulutaiteilija Alina Pogostkina (2006)</li>



<li>pianotaiteilija Olli Mustonen (2007)</li>



<li>kapellimestari Leif Segerstam (2008)</li>



<li>kapellimestari Sir Simon Rattle (2009)</li>



<li>säveltäjä Mathias Husman (2009)</li>



<li>säveltäjä Einojuhani Rautavaara (2010)</li>



<li>tietokirjailija Suvi-Sirkku Talas (2010)</li>



<li>viulutaiteilija Madoka Sato (2010)</li>



<li>viulutaiteilija Nikita Boriso-Glebsky (2011)</li>



<li>kapellimestari Susanna Mälkki (2011)</li>



<li>Sinfonia Lahti (2012</li>



<li>säveltäjä Magnus Lindberg (2012)</li>



<li>kapellimestari Hannu Lintu</li>



<li>Hämeenlinnan Mieskuoro</li>



<li>Hämeen Sanomat</li>
</ol>



<p><strong>Kuuntele:</strong> Virtuosi di Kuhmo,&nbsp;<a href="http://www.youtube.com/watch?v=q6kbJWeKoBw">Impromptu jousiorkesterille</a></p>

<p>Hämeenlinnan Sibelius-Seura on valmistuttanut Sibelius-Syntymäkotimitalin Jean Sibeliuksen juhlavuodeksi 1985. Mitali on lyötetty kuvanveistäjä Annu Eklundin laatimien luonnosten perusteella Kultakeskus Oy:ssä. Seuran antamien suuntaviivojen mukaisesti mitalin toinen puoli kuvaa Sibeliuksen säveltaidetta ja sen leviämistä ympäri maailmaa ja toinen puoli Sibeliuksen syntymäkotia Hämeenlinnassa teksteineen ja vuosilukuineen. Pronssista valmistetut mitalit jaetaan Sibeliuksen syntymäpäiväjuhlissa Raatihuoneella. Sibeliuksen syntymäkotimitalien yleisistä jakoperusteista [&hellip;]</p>
