{"id":203,"date":"2013-10-05T07:19:34","date_gmt":"2013-10-05T07:19:34","guid":{"rendered":"http:\/\/feev9x3k.c4-suncomet.com\/?page_id=203"},"modified":"2026-01-13T12:05:32","modified_gmt":"2026-01-13T10:05:32","slug":"seuran-toiminta","status":"publish","type":"page","link":"https:\/\/www.hameenlinnansibeliusseura.fi\/?page_id=203","title":{"rendered":"Seuran toiminta"},"content":{"rendered":"\n<figure class=\"wp-block-image size-large\"><a href=\"https:\/\/i0.wp.com\/www.hameenlinnansibeliusseura.fi\/wp-content\/uploads\/2024\/10\/yhdistys-1-scaled.jpg?ssl=1\"><img decoding=\"async\" loading=\"lazy\" width=\"580\" height=\"387\" src=\"https:\/\/i0.wp.com\/www.hameenlinnansibeliusseura.fi\/wp-content\/uploads\/2024\/10\/yhdistys-1.jpg?resize=580%2C387&#038;ssl=1\" alt=\"\" class=\"wp-image-1364\" srcset=\"https:\/\/i0.wp.com\/www.hameenlinnansibeliusseura.fi\/wp-content\/uploads\/2024\/10\/yhdistys-1-scaled.jpg?resize=1024%2C683&amp;ssl=1 1024w, https:\/\/i0.wp.com\/www.hameenlinnansibeliusseura.fi\/wp-content\/uploads\/2024\/10\/yhdistys-1-scaled.jpg?resize=300%2C200&amp;ssl=1 300w, https:\/\/i0.wp.com\/www.hameenlinnansibeliusseura.fi\/wp-content\/uploads\/2024\/10\/yhdistys-1-scaled.jpg?resize=768%2C512&amp;ssl=1 768w, https:\/\/i0.wp.com\/www.hameenlinnansibeliusseura.fi\/wp-content\/uploads\/2024\/10\/yhdistys-1-scaled.jpg?resize=1536%2C1024&amp;ssl=1 1536w, https:\/\/i0.wp.com\/www.hameenlinnansibeliusseura.fi\/wp-content\/uploads\/2024\/10\/yhdistys-1-scaled.jpg?resize=2048%2C1365&amp;ssl=1 2048w, https:\/\/i0.wp.com\/www.hameenlinnansibeliusseura.fi\/wp-content\/uploads\/2024\/10\/yhdistys-1-scaled.jpg?resize=1200%2C800&amp;ssl=1 1200w, https:\/\/i0.wp.com\/www.hameenlinnansibeliusseura.fi\/wp-content\/uploads\/2024\/10\/yhdistys-1-scaled.jpg?resize=1980%2C1320&amp;ssl=1 1980w, https:\/\/i0.wp.com\/www.hameenlinnansibeliusseura.fi\/wp-content\/uploads\/2024\/10\/yhdistys-1-scaled.jpg?w=1740&amp;ssl=1 1740w\" sizes=\"(max-width: 580px) 100vw, 580px\" data-recalc-dims=\"1\" \/><\/a><\/figure>\n\n\n\n<p>Vuonna 1958 perustetun H\u00e4meenlinnan Sibelius-seuran tavoitteena on edelleen lis\u00e4t\u00e4 kaupunkilaisten tietoisuutta oman kaupunkimme kulttuurista ja historiasta, Sibeliuksen lapsuudenaikaisesta H\u00e4meenlinnasta sek\u00e4 s\u00e4velt\u00e4j\u00e4n vaikutuksesta suomalaiseen kulttuuriin.<\/p>\n\n\n\n<p>Seuran teht\u00e4v\u00e4n\u00e4 on Jean Sibeliuksen s\u00e4veltuotannon ja el\u00e4m\u00e4nty\u00f6n tunnetuksi tekeminen sek\u00e4 H\u00e4meenlinnan seudun musiikkikulttuurin ja musiikin harrastuksen edist\u00e4minen yhteisty\u00f6ss\u00e4 alueen muiden toimijoiden kanssa.<\/p>\n\n\n\n<p>Seuran j\u00e4senet ja kaikki, joita seuran j\u00e4rjest\u00e4m\u00e4t tapahtumat kiinnostavat, p\u00e4\u00e4sev\u00e4t nauttimaan monipuolisesta musiikkitarjonnasta, maan huippumuusikojen sek\u00e4 oman kaupungin soittajien, laulajien ja lausujien esitt\u00e4min\u00e4. Pyrkimyksen\u00e4 on j\u00e4rjest\u00e4\u00e4 my\u00f6s tapahtumia, joissa ihmiset voivat osallistua keskusteluun ja p\u00e4\u00e4sev\u00e4t itse osallisiksi musiikin tekemisest\u00e4. T\u00e4llaisia tilaisuuksia ovat mm. yhteislaulutilaisuudet ja lapsille suunnatut tarinalliset konsertit.<\/p>\n\n\n\n<p><strong>Wetterhoffin Wanhasta Kutomosta Sibelius-seuran kotipes\u00e4<\/strong><\/p>\n\n\n\n<p>H\u00e4meenlinnan Sibelius-seura on saanut j\u00e4rjestetty\u00e4 tapahtumille sopivat ulkoiset puitteet, kun Wetterhoffin s\u00e4\u00e4ti\u00f6n kanssa tehtiin vuonna 2021 sopimus Wetterhoffin Wanhan kutomon k\u00e4yt\u00f6st\u00e4 konserttisalina. Uudelleen konserttik\u00e4ytt\u00f6\u00f6n otettuun tilaan saatiin lainaksi juuri sinne sopiva flyygeli, valaistusta paranneltiin ja lis\u00e4tuoleiksi hankittiin Verkatehtaalta poistettuja tuoleja. Salin akustiikkaa ja tunnelmaa ovat kehuneet sek\u00e4 esiintyj\u00e4t ett\u00e4 yleis\u00f6.<\/p>\n\n\n\n<p><strong>Kutomossa soi \u2013 konserttisarja<\/strong><\/p>\n\n\n\n<p>Tapahtumasarjassa yhdistet\u00e4\u00e4n musiikkia, runoa ja tietoa uudella ja kuulijoita kiinnostavalla tavalla. Keski\u00f6ss\u00e4 on Jean Sibelius, mutta samalla tuodaan esiin my\u00f6s h\u00e4nen aikalaisiaan ja tarjotaan kuulijoille moniulotteinen kuva maailmasta, jossa Sibelius vaikutti. Sibeliuksen aikalaisten lis\u00e4ksi yleis\u00f6 p\u00e4\u00e4see tutustumaan my\u00f6s uudempien s\u00e4velt\u00e4jien ja kirjailijoiden teoksiin.&nbsp;<\/p>\n\n\n\n<p>Tavoitteenamme on ollut luoda H\u00e4meenlinnan seudun kulttuuriel\u00e4m\u00e4\u00e4n s\u00e4\u00e4nn\u00f6llinen kuukausittainen tapahtumasarja, jollaista H\u00e4meenlinnassa ei ole aiemmin ollut.<\/p>\n\n\n\n<p><strong>Sibeliuksen syntym\u00e4kodin Syysmatineat&nbsp;<\/strong><\/p>\n\n\n\n<p>Matineat tarjoavat ainutlaatuisen mahdollisuuden kuunnella Sibeliuksen musiikkia autenttisessa ymp\u00e4rist\u00f6ss\u00e4, samalla ne rikastuttavat kaupungin kulttuuritarjontaa sek\u00e4 tekev\u00e4t tunnetuksi H\u00e4meenlinnassa syntyneen s\u00e4velt\u00e4j\u00e4mestarin musiikkia.&nbsp;<\/p>\n\n\n\n<p>Matineoiden esiintyj\u00e4t ovat ammattimuusikoita ja musiikin ammattiopiskelijoita eri oppilaitoksista (ammattikorkeakoulut, Sibelius-Akatemia), joukossa on my\u00f6s musiikkiopistojen opiskelijoita. Konserttisarja tarjoaa muusikoille esiintymismahdollisuuden ja tavoitteellisen tilaisuuden paneutua Sibeliuksen s\u00e4vellystuotantoon sek\u00e4 suunnitella monipuolisia ohjelmakokonaisuuksia.<\/p>\n\n\n\n<p>H\u00e4meenlinnan Sibelius \u2013 seuran yhteisty\u00f6kumppanina on H\u00e4meenlinnan Kaupunginmuseo.&nbsp;<\/p>\n\n\n\n<p><strong>Sibeliuksen syntym\u00e4p\u00e4iv\u00e4t joulukuussa<\/strong><\/p>\n\n\n\n<ul>\n<li><strong>seppeleen lasku, iltamat ja syntym\u00e4kotimitalit<\/strong><\/li>\n<\/ul>\n\n\n\n<p>Sibeliuksen syntym\u00e4p\u00e4iv\u00e4n\u00e4 lasketaan perinteiseen tapaan seppele Sibelius-patsaalle<strong>. <\/strong>Iltamissa, jotka j\u00e4rjestet\u00e4\u00e4n Raatihuoneella, jaetaan Sibeliuksen syntym\u00e4kotimitali ansioituneelle muusikolle tai muulle Sibeliuksen el\u00e4m\u00e4nty\u00f6t\u00e4 esill\u00e4 pit\u00e4neelle henkil\u00f6lle. Iltamat j\u00e4rjestet\u00e4\u00e4n yhteisty\u00f6ss\u00e4 H\u00e4meenlinnan kaupungin kanssa.<\/p>\n\n\n\n<p>2020-luvulla Kutomon konserteissa, syntym\u00e4kodin matineoissa ja Sibelius-iltamissa Raatihuoneella on vieraillut useita alansa johtavia taiteilijoita ja tutkijoita &#8211; laulajia, soittajia, lausujia ja luennoitsijoita.<\/p>\n\n\n\n<p><strong>Kaikessa soi musiikki<\/strong><\/p>\n\n\n\n<p><strong>\u2013 tarinallinen musiikkituokio syntym\u00e4kodissa tai k\u00e4velykierros<\/strong> <strong>Jannen kotikulmilla<\/strong><\/p>\n\n\n\n<p>Jannen t\u00e4tien, Julia Borgin ja Evelina Sibeliuksen kanssa tutustutaan Jannen syntym\u00e4kotiin, lapsuuden leikkipaikoihin T\u00e4htipuistossa, Vanajan rannassa ja H\u00e4meenlinnan torilla sek\u00e4 kouluaikaiseen kotiin ja kouluun L\u00e4ntisell\u00e4 Linnankadulla.&nbsp;<\/p>\n\n\n\n<p><strong>Sibeliuksen inspiroimat<\/strong><\/p>\n\n\n\n<p>Kun konsertteja ei koronavuosina saanut j\u00e4rjest\u00e4\u00e4, seura ryhtyi tilaamaan suomalaisilta s\u00e4velt\u00e4jilt\u00e4 musiikkia, jota Sibelius olisi voinut s\u00e4velt\u00e4\u00e4, mutta s\u00e4velt\u00e4m\u00e4tt\u00e4 j\u00e4i. N\u00e4in on syntynyt monipuolinen s\u00e4vellysten sarja \u201dSibeliuksen inspiroimat\u201d. Sarjan ensimm\u00e4inen osa \u201dIhminen\u201d (s\u00e4vellys Sampsa Ertamo, sanat L.Onerva) l\u00f6ytyy YouTubesta.<\/p>\n\n\n\n<p><strong>Kuuntele:<\/strong> Josh Bell,&nbsp;<a href=\"http:\/\/www.youtube.com\/watch?v=eaCvhszmYiU\">Romance op.78, no 2<\/a><\/p>\n","protected":false},"excerpt":{"rendered":"<p>Vuonna 1958 perustetun H\u00e4meenlinnan Sibelius-seuran tavoitteena on edelleen lis\u00e4t\u00e4 kaupunkilaisten tietoisuutta oman kaupunkimme kulttuurista ja historiasta, Sibeliuksen lapsuudenaikaisesta H\u00e4meenlinnasta sek\u00e4 s\u00e4velt\u00e4j\u00e4n vaikutuksesta suomalaiseen kulttuuriin. Seuran teht\u00e4v\u00e4n\u00e4 on Jean Sibeliuksen s\u00e4veltuotannon ja el\u00e4m\u00e4nty\u00f6n tunnetuksi tekeminen sek\u00e4 H\u00e4meenlinnan seudun musiikkikulttuurin ja musiikin harrastuksen edist\u00e4minen yhteisty\u00f6ss\u00e4 alueen muiden toimijoiden kanssa. Seuran j\u00e4senet ja kaikki, joita seuran j\u00e4rjest\u00e4m\u00e4t tapahtumat [&hellip;]<\/p>\n","protected":false},"author":2,"featured_media":0,"parent":0,"menu_order":0,"comment_status":"closed","ping_status":"closed","template":"","meta":{"jetpack_post_was_ever_published":false,"footnotes":""},"jetpack_sharing_enabled":true,"jetpack_shortlink":"https:\/\/wp.me\/PeiXjB-3h","_links":{"self":[{"href":"https:\/\/www.hameenlinnansibeliusseura.fi\/index.php?rest_route=\/wp\/v2\/pages\/203"}],"collection":[{"href":"https:\/\/www.hameenlinnansibeliusseura.fi\/index.php?rest_route=\/wp\/v2\/pages"}],"about":[{"href":"https:\/\/www.hameenlinnansibeliusseura.fi\/index.php?rest_route=\/wp\/v2\/types\/page"}],"author":[{"embeddable":true,"href":"https:\/\/www.hameenlinnansibeliusseura.fi\/index.php?rest_route=\/wp\/v2\/users\/2"}],"replies":[{"embeddable":true,"href":"https:\/\/www.hameenlinnansibeliusseura.fi\/index.php?rest_route=%2Fwp%2Fv2%2Fcomments&post=203"}],"version-history":[{"count":25,"href":"https:\/\/www.hameenlinnansibeliusseura.fi\/index.php?rest_route=\/wp\/v2\/pages\/203\/revisions"}],"predecessor-version":[{"id":1489,"href":"https:\/\/www.hameenlinnansibeliusseura.fi\/index.php?rest_route=\/wp\/v2\/pages\/203\/revisions\/1489"}],"wp:attachment":[{"href":"https:\/\/www.hameenlinnansibeliusseura.fi\/index.php?rest_route=%2Fwp%2Fv2%2Fmedia&parent=203"}],"curies":[{"name":"wp","href":"https:\/\/api.w.org\/{rel}","templated":true}]}}