{"id":267,"date":"2013-10-21T08:08:05","date_gmt":"2013-10-21T08:08:05","guid":{"rendered":"http:\/\/feev9x3k.c4-suncomet.com\/?page_id=267"},"modified":"2014-09-04T16:17:44","modified_gmt":"2014-09-04T13:17:44","slug":"juhlavuosi-2015","status":"publish","type":"page","link":"https:\/\/www.hameenlinnansibeliusseura.fi\/?page_id=267","title":{"rendered":"Juhlavuosi 2015"},"content":{"rendered":"<h1>Sibeliuksen juhlavuosi 2015<\/h1>\n<figure id=\"attachment_119\" aria-describedby=\"caption-attachment-119\" style=\"width: 302px\" class=\"wp-caption alignright\"><a href=\"https:\/\/i0.wp.com\/feev9x3k.c4-suncomet.com\/wp-content\/uploads\/2013\/10\/DSCN6154.jpg\"><img decoding=\"async\" loading=\"lazy\" class=\" wp-image-119 \" src=\"https:\/\/i0.wp.com\/feev9x3k.c4-suncomet.com\/wp-content\/uploads\/2013\/10\/DSCN6154-209x300.jpg?resize=302%2C434\" alt=\"Puheenjohtaja Erkki Korhonen ja s\u00e4velt\u00e4j\u00e4mestari kohottavat maljan tulevalle juhlavuodelle!\" width=\"302\" height=\"434\" srcset=\"https:\/\/i0.wp.com\/www.hameenlinnansibeliusseura.fi\/wp-content\/uploads\/2013\/10\/DSCN6154.jpg?resize=209%2C300&amp;ssl=1 209w, https:\/\/i0.wp.com\/www.hameenlinnansibeliusseura.fi\/wp-content\/uploads\/2013\/10\/DSCN6154.jpg?resize=715%2C1024&amp;ssl=1 715w, https:\/\/i0.wp.com\/www.hameenlinnansibeliusseura.fi\/wp-content\/uploads\/2013\/10\/DSCN6154.jpg?zoom=2&amp;resize=302%2C434&amp;ssl=1 604w, https:\/\/i0.wp.com\/www.hameenlinnansibeliusseura.fi\/wp-content\/uploads\/2013\/10\/DSCN6154.jpg?zoom=3&amp;resize=302%2C434&amp;ssl=1 906w\" sizes=\"(max-width: 302px) 100vw, 302px\" data-recalc-dims=\"1\" \/><\/a><figcaption id=\"caption-attachment-119\" class=\"wp-caption-text\">Puheenjohtaja Erkki Korhonen ja s\u00e4velt\u00e4j\u00e4mestari kohottavat maljan tulevalle juhlavuodelle.<\/figcaption><\/figure>\n<p>Johan Christian Julius Sibelius syntyi H\u00e4meenlinnassa 8.12.1865. Ensi vuonna kuitenkin koko vuosi tulee olemaan s\u00e4velt\u00e4j\u00e4mestarimme juhlaa.<\/p>\n<p>H\u00e4meenlinna oli Jean Sibeliuksen lapsuus- ja koulukaupunki. Kaupungin keskustassa on 1960-luvulla museoksi muutettu Sibeliuksen syntym\u00e4koti. 150-vuotisjuhla on koko maailman juhla, mutta H\u00e4meenlinna on kaiken juhlinnan keski\u00f6ss\u00e4.\u00a0Parin vuoden ajan olemme harjoitelleet vuodenaikafestivaaleilla. Syksyn Sibelius-fantasiasta on tullut jo ennen juhlavuotta odotettu koko kaupungin juhla.<\/p>\n<p>Sibeliuksen syntym\u00e4kaupunki-s\u00e4\u00e4ti\u00f6 j\u00e4rjest\u00e4\u00e4 ensimm\u00e4isen kansainv\u00e4lisen Jean Sibelius-s\u00e4vellyskilpailu. Voittajateokset esitet\u00e4\u00e4n juhlavuonna 2015.<\/p>\n<p>Juhlavuoden j\u00e4lkeen h\u00e4meenlinnalaiset tuntevat paremmin my\u00f6s miehen, joka s\u00e4velsi Finlandian, Valse tristen, Andante festivon ja sadat muut teokset.<\/p>\n<h3>\u00a0<a href=\"http:\/\/www.sib.fi\/wp-content\/uploads\/2014\/05\/H\u00e4meenlinnan-Sibelius-juhlavuosi-2015.pdf\"><span style=\"color: #3366ff;\">H\u00e4meenlinnan Sibelius-juhlavuoden ohjelma!<\/span><\/a><\/h3>\n<p>&nbsp;<\/p>\n<h1><\/h1>\n","protected":false},"excerpt":{"rendered":"<p>Sibeliuksen juhlavuosi 2015 Johan Christian Julius Sibelius syntyi H\u00e4meenlinnassa 8.12.1865. Ensi vuonna kuitenkin koko vuosi tulee olemaan s\u00e4velt\u00e4j\u00e4mestarimme juhlaa. H\u00e4meenlinna oli Jean Sibeliuksen lapsuus- ja koulukaupunki. Kaupungin keskustassa on 1960-luvulla museoksi muutettu Sibeliuksen syntym\u00e4koti. 150-vuotisjuhla on koko maailman juhla, mutta H\u00e4meenlinna on kaiken juhlinnan keski\u00f6ss\u00e4.\u00a0Parin vuoden ajan olemme harjoitelleet vuodenaikafestivaaleilla. Syksyn Sibelius-fantasiasta on tullut jo [&hellip;]<\/p>\n","protected":false},"author":2,"featured_media":0,"parent":199,"menu_order":0,"comment_status":"closed","ping_status":"open","template":"","meta":{"jetpack_post_was_ever_published":false,"footnotes":""},"jetpack_sharing_enabled":true,"jetpack_shortlink":"https:\/\/wp.me\/PeiXjB-4j","_links":{"self":[{"href":"https:\/\/www.hameenlinnansibeliusseura.fi\/index.php?rest_route=\/wp\/v2\/pages\/267"}],"collection":[{"href":"https:\/\/www.hameenlinnansibeliusseura.fi\/index.php?rest_route=\/wp\/v2\/pages"}],"about":[{"href":"https:\/\/www.hameenlinnansibeliusseura.fi\/index.php?rest_route=\/wp\/v2\/types\/page"}],"author":[{"embeddable":true,"href":"https:\/\/www.hameenlinnansibeliusseura.fi\/index.php?rest_route=\/wp\/v2\/users\/2"}],"replies":[{"embeddable":true,"href":"https:\/\/www.hameenlinnansibeliusseura.fi\/index.php?rest_route=%2Fwp%2Fv2%2Fcomments&post=267"}],"version-history":[{"count":10,"href":"https:\/\/www.hameenlinnansibeliusseura.fi\/index.php?rest_route=\/wp\/v2\/pages\/267\/revisions"}],"predecessor-version":[{"id":800,"href":"https:\/\/www.hameenlinnansibeliusseura.fi\/index.php?rest_route=\/wp\/v2\/pages\/267\/revisions\/800"}],"up":[{"embeddable":true,"href":"https:\/\/www.hameenlinnansibeliusseura.fi\/index.php?rest_route=\/wp\/v2\/pages\/199"}],"wp:attachment":[{"href":"https:\/\/www.hameenlinnansibeliusseura.fi\/index.php?rest_route=%2Fwp%2Fv2%2Fmedia&parent=267"}],"curies":[{"name":"wp","href":"https:\/\/api.w.org\/{rel}","templated":true}]}}

<h1>Sibeliuksen juhlavuosi 2015</h1>
<figure id="attachment_119" aria-describedby="caption-attachment-119" style="width: 302px" class="wp-caption alignright"><a href="https://i0.wp.com/feev9x3k.c4-suncomet.com/wp-content/uploads/2013/10/DSCN6154.jpg"><img decoding="async" loading="lazy" class=" wp-image-119 " src="https://i0.wp.com/feev9x3k.c4-suncomet.com/wp-content/uploads/2013/10/DSCN6154-209x300.jpg?resize=302%2C434" alt="Puheenjohtaja Erkki Korhonen ja säveltäjämestari kohottavat maljan tulevalle juhlavuodelle!" width="302" height="434" srcset="https://i0.wp.com/www.hameenlinnansibeliusseura.fi/wp-content/uploads/2013/10/DSCN6154.jpg?resize=209%2C300&amp;ssl=1 209w, https://i0.wp.com/www.hameenlinnansibeliusseura.fi/wp-content/uploads/2013/10/DSCN6154.jpg?resize=715%2C1024&amp;ssl=1 715w, https://i0.wp.com/www.hameenlinnansibeliusseura.fi/wp-content/uploads/2013/10/DSCN6154.jpg?zoom=2&amp;resize=302%2C434&amp;ssl=1 604w, https://i0.wp.com/www.hameenlinnansibeliusseura.fi/wp-content/uploads/2013/10/DSCN6154.jpg?zoom=3&amp;resize=302%2C434&amp;ssl=1 906w" sizes="(max-width: 302px) 100vw, 302px" data-recalc-dims="1" /></a><figcaption id="caption-attachment-119" class="wp-caption-text">Puheenjohtaja Erkki Korhonen ja säveltäjämestari kohottavat maljan tulevalle juhlavuodelle.</figcaption></figure>
<p>Johan Christian Julius Sibelius syntyi Hämeenlinnassa 8.12.1865. Ensi vuonna kuitenkin koko vuosi tulee olemaan säveltäjämestarimme juhlaa.</p>
<p>Hämeenlinna oli Jean Sibeliuksen lapsuus- ja koulukaupunki. Kaupungin keskustassa on 1960-luvulla museoksi muutettu Sibeliuksen syntymäkoti. 150-vuotisjuhla on koko maailman juhla, mutta Hämeenlinna on kaiken juhlinnan keskiössä. Parin vuoden ajan olemme harjoitelleet vuodenaikafestivaaleilla. Syksyn Sibelius-fantasiasta on tullut jo ennen juhlavuotta odotettu koko kaupungin juhla.</p>
<p>Sibeliuksen syntymäkaupunki-säätiö järjestää ensimmäisen kansainvälisen Jean Sibelius-sävellyskilpailu. Voittajateokset esitetään juhlavuonna 2015.</p>
<p>Juhlavuoden jälkeen hämeenlinnalaiset tuntevat paremmin myös miehen, joka sävelsi Finlandian, Valse tristen, Andante festivon ja sadat muut teokset.</p>
<h3> <a href="http://www.sib.fi/wp-content/uploads/2014/05/Hämeenlinnan-Sibelius-juhlavuosi-2015.pdf"><span style="color: #3366ff;">Hämeenlinnan Sibelius-juhlavuoden ohjelma!</span></a></h3>
<p>&nbsp;</p>
<h1></h1>

<p>Sibeliuksen juhlavuosi 2015 Johan Christian Julius Sibelius syntyi Hämeenlinnassa 8.12.1865. Ensi vuonna kuitenkin koko vuosi tulee olemaan säveltäjämestarimme juhlaa. Hämeenlinna oli Jean Sibeliuksen lapsuus- ja koulukaupunki. Kaupungin keskustassa on 1960-luvulla museoksi muutettu Sibeliuksen syntymäkoti. 150-vuotisjuhla on koko maailman juhla, mutta Hämeenlinna on kaiken juhlinnan keskiössä. Parin vuoden ajan olemme harjoitelleet vuodenaikafestivaaleilla. Syksyn Sibelius-fantasiasta on tullut jo [&hellip;]</p>
