{"id":72,"date":"2013-10-02T12:45:41","date_gmt":"2013-10-02T12:45:41","guid":{"rendered":"http:\/\/feev9x3k.c4-suncomet.com\/?page_id=72"},"modified":"2026-01-13T09:42:41","modified_gmt":"2026-01-13T07:42:41","slug":"hallitus","status":"publish","type":"page","link":"https:\/\/www.hameenlinnansibeliusseura.fi\/?page_id=72","title":{"rendered":"Hallitus"},"content":{"rendered":"<p><strong>Miikko Santala, puheenjohtaja<\/strong><\/p>\n<p><strong>Varsinaiset \u00a0j\u00e4senet<\/strong><\/p>\n<ul>\n<li>Riitta Hietanen<\/li>\n<li>P\u00e4ivi Hirvikoski<\/li>\n<li>Ahti Salminen<\/li>\n<li>Marjuska Santala<\/li>\n<li>Eero Lehti<\/li>\n<li>Kati Vainikainen<\/li>\n<\/ul>\n<p><strong>Varaj\u00e4senet<\/strong><\/p>\n<ul>\n<li>Hillevi Kaarlenkaski<\/li>\n<li>Noora Hultin<\/li>\n<li>Liisa Turtiainen<\/li>\n<\/ul>\n<p><strong>Kuuntele<\/strong>: Jussi Bj\u00f6rling, Sibeliuksen muistokonsertti 1957: <a href=\"http:\/\/www.youtube.com\/watch?v=xmQI-06CfcQ&amp;list=PLCC608697E7EF4E29\">Flickan kom ifr\u00e5n sin \u00e4lsklings m\u00f6te<\/a><\/p>\n","protected":false},"excerpt":{"rendered":"<p>Miikko Santala, puheenjohtaja Varsinaiset \u00a0j\u00e4senet Riitta Hietanen P\u00e4ivi Hirvikoski Ahti Salminen Marjuska Santala Eero Lehti Kati Vainikainen Varaj\u00e4senet Hillevi Kaarlenkaski Noora Hultin Liisa Turtiainen Kuuntele: Jussi Bj\u00f6rling, Sibeliuksen muistokonsertti 1957: Flickan kom ifr\u00e5n sin \u00e4lsklings m\u00f6te<\/p>\n","protected":false},"author":2,"featured_media":0,"parent":4,"menu_order":0,"comment_status":"closed","ping_status":"closed","template":"","meta":{"jetpack_post_was_ever_published":false,"footnotes":""},"jetpack_sharing_enabled":true,"jetpack_shortlink":"https:\/\/wp.me\/PeiXjB-1a","_links":{"self":[{"href":"https:\/\/www.hameenlinnansibeliusseura.fi\/index.php?rest_route=\/wp\/v2\/pages\/72"}],"collection":[{"href":"https:\/\/www.hameenlinnansibeliusseura.fi\/index.php?rest_route=\/wp\/v2\/pages"}],"about":[{"href":"https:\/\/www.hameenlinnansibeliusseura.fi\/index.php?rest_route=\/wp\/v2\/types\/page"}],"author":[{"embeddable":true,"href":"https:\/\/www.hameenlinnansibeliusseura.fi\/index.php?rest_route=\/wp\/v2\/users\/2"}],"replies":[{"embeddable":true,"href":"https:\/\/www.hameenlinnansibeliusseura.fi\/index.php?rest_route=%2Fwp%2Fv2%2Fcomments&post=72"}],"version-history":[{"count":25,"href":"https:\/\/www.hameenlinnansibeliusseura.fi\/index.php?rest_route=\/wp\/v2\/pages\/72\/revisions"}],"predecessor-version":[{"id":1485,"href":"https:\/\/www.hameenlinnansibeliusseura.fi\/index.php?rest_route=\/wp\/v2\/pages\/72\/revisions\/1485"}],"up":[{"embeddable":true,"href":"https:\/\/www.hameenlinnansibeliusseura.fi\/index.php?rest_route=\/wp\/v2\/pages\/4"}],"wp:attachment":[{"href":"https:\/\/www.hameenlinnansibeliusseura.fi\/index.php?rest_route=%2Fwp%2Fv2%2Fmedia&parent=72"}],"curies":[{"name":"wp","href":"https:\/\/api.w.org\/{rel}","templated":true}]}}